{"id":23,"date":"2022-09-28T11:42:17","date_gmt":"2022-09-28T10:42:17","guid":{"rendered":"https:\/\/recolhimentolapa.pt\/?page_id=23"},"modified":"2024-01-17T16:03:35","modified_gmt":"2024-01-17T16:03:35","slug":"instituicao-recolhimento-de-na-sra-do-carmo-da-lapa-erpi-centro-de-dia-acolher-e-acompanhar-em-familia","status":"publish","type":"page","link":"https:\/\/recolhimentolapa.pt\/index.php\/instituicao-recolhimento-de-na-sra-do-carmo-da-lapa-erpi-centro-de-dia-acolher-e-acompanhar-em-familia\/","title":{"rendered":"A INSTITUI\u00c7\u00c3O"},"content":{"rendered":"\n[et_pb_section fb_built=&#8221;1&#8243; _builder_version=&#8221;4.23.4&#8243; _module_preset=&#8221;default&#8221; background_image=&#8221;https:\/\/recolhimentolapa.pt\/wp-content\/uploads\/2023\/09\/IMG_6323.jpg&#8221; width=&#8221;100%&#8221; max_width=&#8221;100%&#8221; module_alignment=&#8221;center&#8221; min_height=&#8221;480px&#8221; custom_margin=&#8221;||-1px|||&#8221; custom_padding=&#8221;||269px|||&#8221; hover_enabled=&#8221;0&#8243; global_colors_info=&#8221;{}&#8221; alt=&#8221;Azulejos 1 &#8211; Recolhimento Lapa&#8221; title_text=&#8221;Azulejos 1 &#8211; Recolhimento Lapa&#8221; sticky_enabled=&#8221;0&#8243;][et_pb_row _builder_version=&#8221;4.22.2&#8243; _module_preset=&#8221;default&#8221; min_height=&#8221;227px&#8221; global_colors_info=&#8221;{}&#8221;][et_pb_column type=&#8221;4_4&#8243; _builder_version=&#8221;4.22.2&#8243; _module_preset=&#8221;default&#8221; global_colors_info=&#8221;{}&#8221;][et_pb_text _builder_version=&#8221;4.22.2&#8243; _module_preset=&#8221;default&#8221; text_font=&#8221;|700|||||||&#8221; text_font_size=&#8221;1px&#8221; text_line_height=&#8221;1.3em&#8221; header_font=&#8221;|700|||||||&#8221; header_font_size=&#8221;52px&#8221; min_height=&#8221;108px&#8221; custom_margin=&#8221;150px|||||&#8221; custom_padding=&#8221;||3px|||&#8221; header_text_shadow_style=&#8221;preset2&#8243; header_text_shadow_horizontal_length=&#8221;0.09em&#8221; header_text_shadow_vertical_length=&#8221;0.07em&#8221; header_text_shadow_blur_strength=&#8221;0.06em&#8221; header_text_shadow_color=&#8221;rgba(0,0,0,0.63)&#8221; global_colors_info=&#8221;{}&#8221;]<h1><span style=\"color: #ffffff;\"><strong>Acolher <\/strong><\/span><\/h1>\n<h1><span style=\"color: #ffffff;\"><strong>e acompanhar<\/strong><\/span><\/h1>\n<h1><span style=\"color: #ffffff;\"><strong>em Fam\u00edlia<\/strong><\/span><\/h1>[\/et_pb_text][\/et_pb_column][\/et_pb_row][\/et_pb_section][et_pb_section fb_built=&#8221;1&#8243; _builder_version=&#8221;4.21.0&#8243; _module_preset=&#8221;default&#8221; custom_margin=&#8221;-183px|||||&#8221; custom_padding=&#8221;||54px|||&#8221; global_colors_info=&#8221;{}&#8221;][et_pb_row _builder_version=&#8221;4.21.0&#8243; _module_preset=&#8221;default&#8221; min_height=&#8221;182px&#8221; custom_margin=&#8221;-24px|auto||auto||&#8221; custom_padding=&#8221;|1px|69px|||&#8221; global_colors_info=&#8221;{}&#8221;][et_pb_column type=&#8221;4_4&#8243; _builder_version=&#8221;4.21.0&#8243; _module_preset=&#8221;default&#8221; global_colors_info=&#8221;{}&#8221;][et_pb_text _builder_version=&#8221;4.21.0&#8243; _module_preset=&#8221;default&#8221; custom_margin=&#8221;-13px||29px|||&#8221; custom_padding=&#8221;3px||0px|||&#8221; global_colors_info=&#8221;{}&#8221;]<h2>A INSTITUI\u00c7\u00c3O<\/h2>[\/et_pb_text][et_pb_text _builder_version=&#8221;4.22.1&#8243; _module_preset=&#8221;default&#8221; text_font=&#8221;|300|||||||&#8221; text_text_color=&#8221;rgba(0,0,0,0.7)&#8221; text_line_height=&#8221;1.4em&#8221; text_orientation=&#8221;justified&#8221; custom_margin=&#8221;||-90px|||&#8221; custom_padding=&#8221;0px|||||&#8221; global_colors_info=&#8221;{}&#8221;]<div><\/div>\n<div>\n<p><span lang=\"PT\"><strong>O Recolhimento de Nossa Senhora do Carmo da Lapa (RNSCL)<\/strong> <span>\u00e9 uma obra da par\u00f3quia de Nossa Senhora da Lapa \u00e0 Estrela. \u00c9 uma\u00a0 Institui\u00e7\u00e3o Particular de Solidariedade Social, sob a forma de Associa\u00e7\u00e3o Privada de Fi\u00e9is que tem por objectivo principal o apoio a pessoas idosas em situa\u00e7\u00e3o de maior dificuldade. <\/span><\/span><\/p>\n<p><span lang=\"PT\"><span>(NISS 20004654406)<\/span><\/span><\/p>\n<p><span lang=\"PT\"><\/span><\/p>\n<\/div>\n<div>\n<p><span lang=\"PT\">Gerido por uma Dire\u00e7\u00e3o em regime de voluntariado, presidida pelo P\u00e1roco da Par\u00f3quia da Lapa \u00e0 Estrela.<\/span><\/p>\n<p><span lang=\"PT\"><\/span><\/p>\n<\/div>\n<div>\n<p><span lang=\"PT\"><\/span><\/p>\n<\/div>[\/et_pb_text][\/et_pb_column][\/et_pb_row][\/et_pb_section][et_pb_section fb_built=&#8221;1&#8243; _builder_version=&#8221;4.22.2&#8243; _module_preset=&#8221;default&#8221; custom_margin=&#8221;5px|||||&#8221; top_divider_style=&#8221;wave2&#8243; top_divider_color=&#8221;rgba(62,134,193,0.87)&#8221; top_divider_flip=&#8221;vertical|horizontal&#8221; global_colors_info=&#8221;{}&#8221;][et_pb_row column_structure=&#8221;3_5,2_5&#8243; _builder_version=&#8221;4.21.0&#8243; _module_preset=&#8221;default&#8221; custom_margin=&#8221;89px|auto||166px||&#8221; global_colors_info=&#8221;{}&#8221;][et_pb_column type=&#8221;3_5&#8243; _builder_version=&#8221;4.18.0&#8243; _module_preset=&#8221;default&#8221; global_colors_info=&#8221;{}&#8221;][et_pb_text _builder_version=&#8221;4.23.1&#8243; _module_preset=&#8221;default&#8221; text_font=&#8221;||||||||&#8221; text_text_color=&#8221;rgba(0,0,0,0.7)&#8221; text_line_height=&#8221;1.5em&#8221; global_colors_info=&#8221;{}&#8221;]<h2><span style=\"color: #333333; font-size: 29px;\">VIS\u00c3O<\/span><\/h2>\n<p><span style=\"color: #333333; font-size: 29px;\"><\/span><\/p>\n<div>\n<p style=\"font-weight: 400;\">Servir cada pessoa, promovendo a sua humanidade integral.<\/p>\n<h1><\/h1>\n<h1>VALORES<\/h1>\n<p>&nbsp;<\/p>\n<p style=\"font-weight: 400;\">A atividade do Recolhimento desenvolve-se de acordo com os princ\u00edpios da Doutrina Social da Igreja, especificamente:<\/p>\n<ul>\n<li style=\"font-weight: 400;\">afirmando o respeito pela dignidade da pessoa humana em todas as suas manifesta\u00e7\u00f5es;<\/li>\n<li style=\"font-weight: 400;\">promovendo a centralidade da pessoa enquanto sujeito \u00fanico de uma rede de rela\u00e7\u00f5es;<\/li>\n<li style=\"font-weight: 400;\">estimulando a colabora\u00e7\u00e3o e coopera\u00e7\u00e3o entre pessoas, fam\u00edlias e demais realidades da Par\u00f3quia.<\/li>\n<\/ul>\n<p>&nbsp;<\/p>\n<p>&nbsp;<\/p>\n<h1>MISS\u00c3O<\/h1>\n<p>&nbsp;<\/p>\n<p style=\"font-weight: 400;\">Criar uma \u00abcasa de fam\u00edlia\u00bb, como comunidade de perten\u00e7a, de aten\u00e7\u00e3o personalizada e de cuidados qualificados.<\/p>\n<p style=\"font-weight: 400;\"><\/p>\n<h1>ESTRUTURA<\/h1>\n<p>&nbsp;<\/p>\n<p style=\"font-weight: 400;\">Nos termos legais, s\u00e3o \u00f3rg\u00e3os sociais do Recolhimento:<\/p>\n<ul>\n<li>A Assembleia Geral;<\/li>\n<li>A Dire\u00e7\u00e3o, presidida pelo P\u00e1roco da Par\u00f3quia da Lapa \u00e0 Estrela<\/li>\n<li>O Conselho Fiscal.<\/li>\n<\/ul>\n<p>&nbsp;<\/p>\n<h1>PRINC\u00cdPIOS DE ATUA\u00c7\u00c3O<\/h1>\n<p>&nbsp;<\/p>\n<p style=\"font-weight: 400;\">A atua\u00e7\u00e3o do Recolhimento rege-se pelos seguintes princ\u00edpios:<\/p>\n<ul>\n<li style=\"font-weight: 400;\">Universalidade, igualdade e equidade social no acesso aos servi\u00e7os.<\/li>\n<li style=\"font-weight: 400;\">Solidariedade;<\/li>\n<li>Esp\u00edrito de servi\u00e7o;<\/li>\n<li>Transpar\u00eancia;<\/li>\n<li>Profissionalismo e trabalho de equipa;<\/li>\n<li>Sustentabilidade e responsabilidade social.<\/li>\n<\/ul>\n<p>&nbsp;<\/p>\n<p>&nbsp;<\/p>\n<h1>DIRE\u00c7\u00c3O T\u00c9CNICA<\/h1>\n<p>&nbsp;<\/p>\n<p style=\"font-weight: 400;\"><span>A Dire\u00e7\u00e3o T\u00e9cnica \u00e9 assegurada pela Dr. Rute Susana Pires da Silva Viegas Bras licenciada em Psicologia Social. <\/span><\/p>\n<p style=\"font-weight: 400;\"><span>\u00a0<\/span><\/p>\n<\/div>\n<div><\/div>\n<p><span><\/span><\/p>\n<p><span><\/span><\/p>[\/et_pb_text][\/et_pb_column][et_pb_column type=&#8221;2_5&#8243; _builder_version=&#8221;4.18.0&#8243; _module_preset=&#8221;default&#8221; global_colors_info=&#8221;{}&#8221;][et_pb_image src=&#8221;https:\/\/recolhimentolapa.pt\/wp-content\/uploads\/2023\/06\/IMG_6207-N-SRA-LAPA.png&#8221; title_text=&#8221;NOSSA SRA LAPA&#8221; _builder_version=&#8221;4.23.4&#8243; _module_preset=&#8221;default&#8221; width=&#8221;89%&#8221; max_width=&#8221;84%&#8221; module_alignment=&#8221;center&#8221; max_height=&#8221;1000px&#8221; custom_margin=&#8221;8px|-18px|1px|-24px|false|false&#8221; custom_padding=&#8221;0px||||false|false&#8221; hover_enabled=&#8221;0&#8243; global_colors_info=&#8221;{}&#8221; alt=&#8221;NOSSA SRA LAPA &#8211; ERPI &#8211; Recolhimento da Lapa&#8221; sticky_enabled=&#8221;0&#8243;][\/et_pb_image][\/et_pb_column][\/et_pb_row][\/et_pb_section]\n","protected":false},"excerpt":{"rendered":"<p>Acolher e acompanhar em Fam\u00edliaA INSTITUI\u00c7\u00c3O O Recolhimento de Nossa Senhora do Carmo da Lapa (RNSCL) \u00e9 uma obra da par\u00f3quia de Nossa Senhora da Lapa \u00e0 Estrela. \u00c9 uma\u00a0 Institui\u00e7\u00e3o Particular de Solidariedade Social, sob a forma de Associa\u00e7\u00e3o Privada de Fi\u00e9is que tem por objectivo principal o apoio a pessoas idosas em situa\u00e7\u00e3o [&hellip;]<\/p>\n","protected":false},"author":2,"featured_media":0,"parent":0,"menu_order":0,"comment_status":"closed","ping_status":"closed","template":"","meta":{"_et_pb_use_builder":"on","_et_pb_old_content":"","_et_gb_content_width":"","footnotes":""},"class_list":["post-23","page","type-page","status-publish","hentry"],"yoast_head":"<!-- This site is optimized with the Yoast SEO plugin v25.3.1 - https:\/\/yoast.com\/wordpress\/plugins\/seo\/ -->\n<title>A INSTITUI\u00c7\u00c3O - Recolhimento da Lapa<\/title>\n<meta name=\"description\" content=\"O Recolhimento de N\u00aa Sr\u00aa do Carmo da Lapa (RNSCL) \u00e9 uma obra da par\u00f3quia de Nossa Senhora da Lapa \u00e0 Estrela - ERPI e Centro de dia.\" \/>\n<meta name=\"robots\" content=\"index, follow, max-snippet:-1, max-image-preview:large, max-video-preview:-1\" \/>\n<link rel=\"canonical\" href=\"https:\/\/recolhimentolapa.pt\/index.php\/instituicao-recolhimento-de-na-sra-do-carmo-da-lapa-erpi-centro-de-dia-acolher-e-acompanhar-em-familia\/\" \/>\n<meta property=\"og:locale\" content=\"pt_PT\" \/>\n<meta property=\"og:type\" content=\"article\" \/>\n<meta property=\"og:title\" content=\"A INSTITUI\u00c7\u00c3O - Recolhimento da Lapa\" \/>\n<meta property=\"og:description\" content=\"O Recolhimento de N\u00aa Sr\u00aa do Carmo da Lapa (RNSCL) \u00e9 uma obra da par\u00f3quia de Nossa Senhora da Lapa \u00e0 Estrela - ERPI e Centro de dia.\" \/>\n<meta property=\"og:url\" content=\"https:\/\/recolhimentolapa.pt\/index.php\/instituicao-recolhimento-de-na-sra-do-carmo-da-lapa-erpi-centro-de-dia-acolher-e-acompanhar-em-familia\/\" \/>\n<meta property=\"og:site_name\" content=\"Recolhimento da Lapa\" \/>\n<meta property=\"article:modified_time\" content=\"2024-01-17T16:03:35+00:00\" \/>\n<meta name=\"twitter:card\" content=\"summary_large_image\" \/>\n<meta name=\"twitter:label1\" content=\"Tempo estimado de leitura\" \/>\n\t<meta name=\"twitter:data1\" content=\"2 minutos\" \/>\n<script type=\"application\/ld+json\" class=\"yoast-schema-graph\">{\"@context\":\"https:\/\/schema.org\",\"@graph\":[{\"@type\":\"WebPage\",\"@id\":\"https:\/\/recolhimentolapa.pt\/index.php\/instituicao-recolhimento-de-na-sra-do-carmo-da-lapa-erpi-centro-de-dia-acolher-e-acompanhar-em-familia\/\",\"url\":\"https:\/\/recolhimentolapa.pt\/index.php\/instituicao-recolhimento-de-na-sra-do-carmo-da-lapa-erpi-centro-de-dia-acolher-e-acompanhar-em-familia\/\",\"name\":\"A INSTITUI\u00c7\u00c3O - Recolhimento da Lapa\",\"isPartOf\":{\"@id\":\"https:\/\/recolhimentolapa.pt\/#website\"},\"datePublished\":\"2022-09-28T10:42:17+00:00\",\"dateModified\":\"2024-01-17T16:03:35+00:00\",\"description\":\"O Recolhimento de N\u00aa Sr\u00aa do Carmo da Lapa (RNSCL) \u00e9 uma obra da par\u00f3quia de Nossa Senhora da Lapa \u00e0 Estrela - ERPI e Centro de dia.\",\"breadcrumb\":{\"@id\":\"https:\/\/recolhimentolapa.pt\/index.php\/instituicao-recolhimento-de-na-sra-do-carmo-da-lapa-erpi-centro-de-dia-acolher-e-acompanhar-em-familia\/#breadcrumb\"},\"inLanguage\":\"pt-PT\",\"potentialAction\":[{\"@type\":\"ReadAction\",\"target\":[\"https:\/\/recolhimentolapa.pt\/index.php\/instituicao-recolhimento-de-na-sra-do-carmo-da-lapa-erpi-centro-de-dia-acolher-e-acompanhar-em-familia\/\"]}]},{\"@type\":\"BreadcrumbList\",\"@id\":\"https:\/\/recolhimentolapa.pt\/index.php\/instituicao-recolhimento-de-na-sra-do-carmo-da-lapa-erpi-centro-de-dia-acolher-e-acompanhar-em-familia\/#breadcrumb\",\"itemListElement\":[{\"@type\":\"ListItem\",\"position\":1,\"name\":\"In\u00edcio\",\"item\":\"https:\/\/recolhimentolapa.pt\/\"},{\"@type\":\"ListItem\",\"position\":2,\"name\":\"A INSTITUI\u00c7\u00c3O\"}]},{\"@type\":\"WebSite\",\"@id\":\"https:\/\/recolhimentolapa.pt\/#website\",\"url\":\"https:\/\/recolhimentolapa.pt\/\",\"name\":\"Recolhimento da Lapa\",\"description\":\"Informa\u00e7\u00e3o sobre o Recolhimento da Lapa\",\"publisher\":{\"@id\":\"https:\/\/recolhimentolapa.pt\/#organization\"},\"potentialAction\":[{\"@type\":\"SearchAction\",\"target\":{\"@type\":\"EntryPoint\",\"urlTemplate\":\"https:\/\/recolhimentolapa.pt\/?s={search_term_string}\"},\"query-input\":{\"@type\":\"PropertyValueSpecification\",\"valueRequired\":true,\"valueName\":\"search_term_string\"}}],\"inLanguage\":\"pt-PT\"},{\"@type\":\"Organization\",\"@id\":\"https:\/\/recolhimentolapa.pt\/#organization\",\"name\":\"Recolhimento Nossa Senhora do Carmo da Lapa\",\"url\":\"https:\/\/recolhimentolapa.pt\/\",\"logo\":{\"@type\":\"ImageObject\",\"inLanguage\":\"pt-PT\",\"@id\":\"https:\/\/recolhimentolapa.pt\/#\/schema\/logo\/image\/\",\"url\":\"https:\/\/recolhimentolapa.pt\/wp-content\/uploads\/2022\/05\/ICON.jpg\",\"contentUrl\":\"https:\/\/recolhimentolapa.pt\/wp-content\/uploads\/2022\/05\/ICON.jpg\",\"width\":512,\"height\":512,\"caption\":\"Recolhimento Nossa Senhora do Carmo da Lapa\"},\"image\":{\"@id\":\"https:\/\/recolhimentolapa.pt\/#\/schema\/logo\/image\/\"}}]}<\/script>\n<!-- \/ Yoast SEO plugin. -->","yoast_head_json":{"title":"A INSTITUI\u00c7\u00c3O - Recolhimento da Lapa","description":"O Recolhimento de N\u00aa Sr\u00aa do Carmo da Lapa (RNSCL) \u00e9 uma obra da par\u00f3quia de Nossa Senhora da Lapa \u00e0 Estrela - ERPI e Centro de dia.","robots":{"index":"index","follow":"follow","max-snippet":"max-snippet:-1","max-image-preview":"max-image-preview:large","max-video-preview":"max-video-preview:-1"},"canonical":"https:\/\/recolhimentolapa.pt\/index.php\/instituicao-recolhimento-de-na-sra-do-carmo-da-lapa-erpi-centro-de-dia-acolher-e-acompanhar-em-familia\/","og_locale":"pt_PT","og_type":"article","og_title":"A INSTITUI\u00c7\u00c3O - Recolhimento da Lapa","og_description":"O Recolhimento de N\u00aa Sr\u00aa do Carmo da Lapa (RNSCL) \u00e9 uma obra da par\u00f3quia de Nossa Senhora da Lapa \u00e0 Estrela - ERPI e Centro de dia.","og_url":"https:\/\/recolhimentolapa.pt\/index.php\/instituicao-recolhimento-de-na-sra-do-carmo-da-lapa-erpi-centro-de-dia-acolher-e-acompanhar-em-familia\/","og_site_name":"Recolhimento da Lapa","article_modified_time":"2024-01-17T16:03:35+00:00","twitter_card":"summary_large_image","twitter_misc":{"Tempo estimado de leitura":"2 minutos"},"schema":{"@context":"https:\/\/schema.org","@graph":[{"@type":"WebPage","@id":"https:\/\/recolhimentolapa.pt\/index.php\/instituicao-recolhimento-de-na-sra-do-carmo-da-lapa-erpi-centro-de-dia-acolher-e-acompanhar-em-familia\/","url":"https:\/\/recolhimentolapa.pt\/index.php\/instituicao-recolhimento-de-na-sra-do-carmo-da-lapa-erpi-centro-de-dia-acolher-e-acompanhar-em-familia\/","name":"A INSTITUI\u00c7\u00c3O - Recolhimento da Lapa","isPartOf":{"@id":"https:\/\/recolhimentolapa.pt\/#website"},"datePublished":"2022-09-28T10:42:17+00:00","dateModified":"2024-01-17T16:03:35+00:00","description":"O Recolhimento de N\u00aa Sr\u00aa do Carmo da Lapa (RNSCL) \u00e9 uma obra da par\u00f3quia de Nossa Senhora da Lapa \u00e0 Estrela - ERPI e Centro de dia.","breadcrumb":{"@id":"https:\/\/recolhimentolapa.pt\/index.php\/instituicao-recolhimento-de-na-sra-do-carmo-da-lapa-erpi-centro-de-dia-acolher-e-acompanhar-em-familia\/#breadcrumb"},"inLanguage":"pt-PT","potentialAction":[{"@type":"ReadAction","target":["https:\/\/recolhimentolapa.pt\/index.php\/instituicao-recolhimento-de-na-sra-do-carmo-da-lapa-erpi-centro-de-dia-acolher-e-acompanhar-em-familia\/"]}]},{"@type":"BreadcrumbList","@id":"https:\/\/recolhimentolapa.pt\/index.php\/instituicao-recolhimento-de-na-sra-do-carmo-da-lapa-erpi-centro-de-dia-acolher-e-acompanhar-em-familia\/#breadcrumb","itemListElement":[{"@type":"ListItem","position":1,"name":"In\u00edcio","item":"https:\/\/recolhimentolapa.pt\/"},{"@type":"ListItem","position":2,"name":"A INSTITUI\u00c7\u00c3O"}]},{"@type":"WebSite","@id":"https:\/\/recolhimentolapa.pt\/#website","url":"https:\/\/recolhimentolapa.pt\/","name":"Recolhimento da Lapa","description":"Informa\u00e7\u00e3o sobre o Recolhimento da Lapa","publisher":{"@id":"https:\/\/recolhimentolapa.pt\/#organization"},"potentialAction":[{"@type":"SearchAction","target":{"@type":"EntryPoint","urlTemplate":"https:\/\/recolhimentolapa.pt\/?s={search_term_string}"},"query-input":{"@type":"PropertyValueSpecification","valueRequired":true,"valueName":"search_term_string"}}],"inLanguage":"pt-PT"},{"@type":"Organization","@id":"https:\/\/recolhimentolapa.pt\/#organization","name":"Recolhimento Nossa Senhora do Carmo da Lapa","url":"https:\/\/recolhimentolapa.pt\/","logo":{"@type":"ImageObject","inLanguage":"pt-PT","@id":"https:\/\/recolhimentolapa.pt\/#\/schema\/logo\/image\/","url":"https:\/\/recolhimentolapa.pt\/wp-content\/uploads\/2022\/05\/ICON.jpg","contentUrl":"https:\/\/recolhimentolapa.pt\/wp-content\/uploads\/2022\/05\/ICON.jpg","width":512,"height":512,"caption":"Recolhimento Nossa Senhora do Carmo da Lapa"},"image":{"@id":"https:\/\/recolhimentolapa.pt\/#\/schema\/logo\/image\/"}}]}},"_links":{"self":[{"href":"https:\/\/recolhimentolapa.pt\/index.php\/wp-json\/wp\/v2\/pages\/23","targetHints":{"allow":["GET"]}}],"collection":[{"href":"https:\/\/recolhimentolapa.pt\/index.php\/wp-json\/wp\/v2\/pages"}],"about":[{"href":"https:\/\/recolhimentolapa.pt\/index.php\/wp-json\/wp\/v2\/types\/page"}],"author":[{"embeddable":true,"href":"https:\/\/recolhimentolapa.pt\/index.php\/wp-json\/wp\/v2\/users\/2"}],"replies":[{"embeddable":true,"href":"https:\/\/recolhimentolapa.pt\/index.php\/wp-json\/wp\/v2\/comments?post=23"}],"version-history":[{"count":68,"href":"https:\/\/recolhimentolapa.pt\/index.php\/wp-json\/wp\/v2\/pages\/23\/revisions"}],"predecessor-version":[{"id":1112,"href":"https:\/\/recolhimentolapa.pt\/index.php\/wp-json\/wp\/v2\/pages\/23\/revisions\/1112"}],"wp:attachment":[{"href":"https:\/\/recolhimentolapa.pt\/index.php\/wp-json\/wp\/v2\/media?parent=23"}],"curies":[{"name":"wp","href":"https:\/\/api.w.org\/{rel}","templated":true}]}}